emainder when 618201 is divided by 42?
3
What is the remainder when 286425 is divided by 92?
29
Calculate the remainder when 7774 is divided by 905.
534
What is the remainder when 7429 is divided by 392?
373
What is the remainder when 98171 is divided by 357?
353
What is the remainder when 294755 is divided by 19?
8
Calculate the remainder when 97088 is divided by 146.
144
What is the remainder when 50093 is divided by 26?
17
What is the remainder when 324248 is divided by 43?
28
Calculate the remainder when 326856 is divided by 21.
12
Calculate the remainder when 56695 is divided by 14171.
11
Calculate the remainder when 2791 is divided by 251.
30
What is the remainder when 38009 is divided by 9?
2
What is the remainder when 48616 is divided by 16150?
166
What is the remainder when 3529 is divided by 2807?
722
What is the remainder when 128806 is divided by 144?
70
Calculate the remainder when 2090 is divided by 517.
22
Calculate the remainder when 24456 is divided by 1880.
16
Calculate the remainder when 22023 is divided by 1350.
423
What is the remainder when 32580 is divided by 639?
630
Calculate the remainder when 11038 is divided by 11027.
11
What is the remainder when 251017 is divided by 70?
67
Calculate the remainder when 2178281 is divided by 23.
20
Calculate the remainder when 1690 is divided by 360.
250
What is the remainder when 507 is divided by 17?
14
Calculate the remainder when 199102 is divided by 34.
32
What is the remainder when 319352 is divided by 33?
11
Calculate the remainder when 6451 is divided by 404.
391
What is the remainder when 2070 is divided by 82?
20
Calculate the remainder when 2179 is divided by 71.
49
What is the remainder when 39214 is divided by 36?
10
What is the remainder when 5323 is divided by 4?
3
What is the remainder when 1780575 is divided by 558?
555
What is the remainder when 20718 is divided by 140?
138
Calculate the remainder when 28554 is divided by 22.
20
What is the remainder when 15643 is divided by 1736?
19
Calculate the remainder when 19321 is divided by 139.
0
Calculate the remainder when 59411 is divided by 59407.
4
Calculate the remainder when 36151 is divided by 116.
75
What is the remainder when 1054588 is divided by 896?
892
Calculate the remainder when 4616 is divided by 94.
10
Calculate the remainder when 2390 is divided by 16.
6
Calculate the remainder when 35084 is divided by 575.
9
What is the remainder when 1381524 is divided by 1317?
1308
Calculate the remainder when 2654 is divided by 172.
74
What is the remainder when 391290 is divided by 146?
10
What is the remainder when 1225954 is divided by 114?
112
Calculate the remainder when 24430 is divided by 421.
12
What is the remainder when 22333 is divided by 971?
0
Calculate the remainder when 28577 is divided by 34.
17
Calculate the remainder when 11909 is divided by 19.
15
Calculate the remainder when 535 is divided by 248.
39
What is the remainder when 46897 is divided by 162?
79
What is the remainder when 10211 is divided by 795?
671
Calculate the remainder when 1623 is divided by 292.
163
What is the remainder when 62557 is divided by 31246?
65
Calculate the remainder when 472356 is divided by 74.
14
Calculate the remainder when 43326 is divided by 10812.
78
Calculate the remainder when 291273 is divided by 305.
303
Calculate the remainder when 4517 is divided by 1418.
263
What is the remainder when 1305 is divided by 40?
25
Calculate the remainder when 42587 is divided by 761.
732
Calculate the remainder when 39118 is divided by 313.
306
What is the remainder when 11336 is divided by 84?
80
What is the remainder when 1426 is divided by 21?
19
What is the remainder when 6769 is divided by 49?
7
What is the remainder when 88018 is divided by 12559?
105
Calculate the remainder when 27655 is divided by 1536.
7
Calculate the remainder when 473384 is divided by 103.
99
Calculate the remainder when 41507 is divided by 258.
227
Calculate the remainder when 25389 is divided by 4975.
514
What is the remainder when 12686 is divided by 61?
59
What is the remainder when 33793 is divided by 11104?
481
What is the remainder when 3414 is divided by 53?
22
Calculate the remainder when 521 is divided by 121.
37
Calculate the remainder when 575 is divided by 253.
69
What is the remainder when 18044 is divided by 725?
644
Calculate the remainder when 4921 is divided by 818.
13
What is the remainder when 1268174 is divided by 26?
24
Calculate the remainder when 9309 is divided by 1328.
13
What is the remainder when 2416 is divided by 1034?
348
Calculate the remainder when 1599 is divided by 295.
124
Calculate the remainder when 102595 is divided by 86.
83
Calculate the remainder when 1626423 is divided by 45.
33
What is the remainder when 368627 is divided by 52657?
28
Calculate the remainder when 37917 is divided by 105.
12
What is the remainder when 19067 is divided by 10?
7
Calculate the remainder when 2390 is divided by 183.
11
Calculate the remainder when 294965 is divided by 9.
8
Calculate the remainder when 8669 is divided by 2450.
1319
Calculate the remainder when 57448 is divided by 260.
248
Calculate the remainder when 13884 is divided by 731.
726
Calculate the remainder when 27335 is divided by 3415.
15
What is the remainder when 9220 is divided by 9196?
24
What is the remainder when 22110 is divided by 8?
6
Calculate the remainder when 5137 is divided by 61.
13
Calculate the remainder when 147270 is divided by 164.
162
What is the remainder when 557077 is divided by 3?
1
Calculate the remainder when 1053485 is divided by 175577.
23
What is the remainder when 633 is divided by 300?
33
Calculate the remainder when 41761 is divided by 212.
209
Calculate the remainder when 23387 is divided by 12.
11
What is the remainder when 1079 is divided by 896?
183
Calculate the remainder when 68364 is divided by 22786.
6
Calculate the remainder when 4067 is divided by 1003.
55
What is the remainder when 81663 is divided by 40798?
67
What is the remainder when 5792 is divided by 5396?
396
What is the remainder when 90106 is divided by 56?
2
What is the remainder when 28156 is divided by 17?
4
Calculate the remainder when 482542 is divided by 54.
52
What is the remainder when 542 is divided by 106?
12
Calculate the remainder when 2566 is divided by 106.
22
What is the remainder when 1270 is divided by 121?
60
What is the remainder when 2049 is divided by 1142?
907
What is the remainder when 8230975 is divided by 307?
305
What is the remainder when 115767 is divided by 19290?
27
Calculate the remainder when 21033 is divided by 3502.
21
Calculate the remainder when 2640 is divided by 802.
234
Calculate the remainder when 22467 is divided by 7482.
21
What is the remainder when 3822 is divided by 1204?
210
Calculate the remainder when 5163 is divided by 2574.
15
Calculate the remainder when 10885 is divided by 2247.
1897
Calculate the remainder when 10409 is divided by 298.
277
What is the remainder when 3747 is divided by 1239?
30
Calculate the remainder when 1294 is divided by 1256.
38
What is the remainder when 6688 is divided by 931?
171
Calculate the remainder when 155215 is divided by 31.
29
Calculate the remainder when 15030 is divided by 3751.
26
Calculate the remainder when 59565 is divided by 115.
110
Calculate the remainder when 22498 is divided by 15.
13
Calculate the remainder when 15218 is divided by 402.
344
Calculate the remainder when 4638 is divided by 7.
4
Calculate the remainder when 43742 is divided by 8747.
7
What is the remainder when 25860 is divided by 6457?
32
What is the remainder when 230214 is divided by 5755?
14
Calculate the remainder when 1529 is divided by 779.
750
What is the remainder when 3316 is divided by 3266?
50
Calculate the remainder when 10252 is divided by 1778.
1362
Calculate the remainder when 25823 is divided by 12906.
11
Calculate the remainder when 1871 is divided by 619.
14
What is the remainder when 26827 is divided by 104?
99
What is the remainder when 596229 is divided by 91?
88
What is the remainder when 301631 is divided by 44?
11
What is the remainder when 137086 is divided by 224?
222
Calculate the remainder when 26506 is divided by 88.
18
What is the remainder when 2625 is divided by 240